?
56
Suppose 0 = 3*r + 2*r - 360. Suppose 636*u - 699*u = -3402. Calculate the greatest common divisor of u and r.
18
Let a(w) = w + 25. Let u be a(-22). Suppose -4*q - 60 = -r - u*q, 0 = 5*q. Suppose 3*t - t = 80. What is the greatest common factor of t and r?
20
Let b be (1/1)/((-53)/(-1431)). Calculate the highest common factor of b and 891.
27
Let t(p) = p**3 - 6*p**2 + 6*p - 2. Let v be t(5). Let c(l) = l**3 + l**2 - 6. Let x be c(v). Calculate the highest common factor of 6 and x.
6
Let n(o) = o**2 - 25*o - 6. Let v be n(15). Let j = -150 - v. What is the highest common divisor of 39 and j?
3
Let r = 238 - 225. Suppose 9*z - 86 = r. What is the highest common divisor of z and 99?
11
Let h(y) = -12*y + 61. Let i be h(5). Let f be i/((-8)/24)*-297. What is the highest common divisor of 33 and f?
33
Let m = 118 - 112. Let n = m + 14. What is the greatest common divisor of n and 12?
4
Suppose 2*b - 47 = -5*x, 2*x = 5*b - 3*x - 205. Let g be ((-14)/(-4) - 1) + 1134/b. What is the greatest common factor of 544 and g?
34
Let m(j) = -j**3 + 36*j**2 - 62*j + 17. Let k be m(6). What is the greatest common factor of k and 675?
25
Let p = -186 + 192. Suppose 12 = -4*z, 4*z + 59 = t + p*z. What is the highest common divisor of 26 and t?
13
Suppose -13847 - 10281 = -104*d. What is the highest common divisor of 493 and d?
29
Let j = -1933 - -2725. Let t = j + -327. Calculate the highest common factor of 15 and t.
15
Suppose l = 9*k + k - 1083, -534 = -5*k - 2*l. What is the greatest common divisor of k and 5751?
27
Let x = 75 - 44. Let a = 3747 + -3499. What is the greatest common divisor of a and x?
31
Let z = 222 + -123. Suppose 0 = p + 1, -p + 193 = 5*l - 1496. Suppose -5*m - 340 = -0*f - 5*f, 5*f - l = 4*m. What is the highest common factor of z and f?
33
Let q = -28 + 37. Let o be (-2)/q + 384/27. Let p = 59 - -39. What is the greatest common divisor of p and o?
14
Let i = -1776 + 3317. Calculate the greatest common factor of i and 201.
67
Let x(d) = -d**3 - 7*d**2 - 7*d - 2. Let s be x(-6). Suppose -s*a - 3*u + 212 = 0, 0 = -2*a + a - 4*u + 40. What is the highest common divisor of a and 98?
14
Let p(a) = 12 + 0 + 3*a + 0 - a. Let j be p(-6). Suppose 0 = n - j*n - 10. What is the greatest common divisor of 50 and n?
10
Suppose -19*v + 16*v + 132 = 0. Suppose 9*b = 116 - v. What is the highest common divisor of 328 and b?
8
Let k be (88/(-60))/11 - (-17434)/30. Let f = -566 + k. Calculate the highest common factor of 75 and f.
15
Let v = -5782 + 7623. What is the greatest common divisor of 21 and v?
7
Suppose 10*g + 12286 - 28156 = 0. Calculate the highest common divisor of g and 345.
69
Let w = -11 - -28. Let o(l) = 4*l + 47. Let i(r) = -2. Let t(j) = 2*i(j) - o(j). Let z be t(-13). Calculate the greatest common divisor of w and z.
1
Suppose 3*w = 0, 5*f - 2*w = w + 125. Let m be ((-1)/6 - (-4017)/18) + 0. Let u be m - (-4 + (3 - 1)). Calculate the highest common divisor of u and f.
25
Suppose -2*u = -12, 3*b = -19*u + 16*u + 3372. What is the highest common factor of b and 301?
43
Let g(f) = f**3 + 7*f**2 + 3*f - 20. Let z be g(-6). Let s be (384/(-30))/(z/5). Suppose t = 2*t - 48. Calculate the highest common divisor of t and s.
16
Let f(i) = 9*i + 46. Let h be f(-5). Let v(t) = 55*t**2 - 5*t + 4. Let g be v(h). What is the greatest common divisor of 72 and g?
18
Let r = 3430 + -3387. Calculate the highest common factor of r and 2537.
43
Let f(u) = 19*u - 2. Let h be f(3). Let o be ((-40)/12)/(5/(-15)). Suppose -23*v = -21*v - o. What is the highest common factor of h and v?
5
Suppose -12 = -16*g + 12*g. Let d = 35 - 25. Suppose -d*h = -9*h - 33. What is the greatest common divisor of g and h?
3
Let t be ((-1536)/(6/1))/(90 + -92). Calculate the greatest common divisor of 1264 and t.
16
Let o = 51 + -52. Let r(v) = 2*v - 14. Let m be r(6). Let i be (6 + 0 + 2)*o/m. Calculate the greatest common divisor of i and 28.
4
Let k be 31 - (1*2)/2. Let q(f) = 2*f + 206. Let p be q(-94). What is the highest common factor of k and p?
6
Let y be (-3 + -15)/(-1) + 4. Let f(n) = -n**3 + 19*n**2 + 68*n - 24. Let a be f(y). What is the greatest common factor of a and 24?
4
Suppose 2*n - 71*r + 67*r = -264, -152 = n + 3*r. Let d be ((-110)/(-20) + -9)*n. Calculate the greatest common divisor of 42 and d.
14
Let f be (-279)/(-868)*-72*(-334 + (-3 - -1)). Calculate the greatest common divisor of f and 32.
32
Let l be ((-128)/12 - 4/(-6)) + 172. What is the greatest common factor of l and 4374?
162
Let c(i) be the third derivative of i**4/6 + 23*i**3/3 + 2*i**2 + 7*i. Let v be c(38). Calculate the highest common factor of 44 and v.
22
Suppose -22238 = 45*o - 74438. Calculate the highest common factor of o and 29.
29
Suppose -253*v - n = -256*v + 393, -v - 5*n = -163. What is the greatest common factor of v and 70?
7
Let z be ((-315)/24 - -1) + 1/8. Let b be 15/(-4) + z/(-16). Let j be (-28)/(6 + b + -5). What is the highest common factor of j and 14?
14
Let v(d) = -d**3 - 6*d**2 + 6*d - 10. Let c be v(-7). Let u = c - -9. Suppose 11*p - 17 - 16 = 0. Calculate the highest common factor of p and u.
3
Let i be -1 - (-5 - 2 - -5). Let r(t) = 12*t**3 + 3*t**2 - 4*t + 3. Let f be r(i). Suppose -k - f = -17. What is the highest common divisor of 39 and k?
3
Let r be 19822/34 + 4 + -3. What is the highest common divisor of 16 and r?
8
Let p = -84 - -86. Suppose -o - 70 = -p*o. Suppose 5*z + 0*z = 0, -v - 4*z + 28 = 0. What is the greatest common factor of o and v?
14
Suppose -81*d + 73284 = 382*d - 17464. Let n = -45 - -101. What is the greatest common factor of n and d?
28
Let o be (2 - -3) + 3 + 1. Suppose d - o = -5*c, -2*c + 10 = -4*d + c. Let j be 59 - ((-4)/(-1) + d). What is the highest common divisor of 7 and j?
7
Suppose 2*q + 4*u = 266, 0 = -4*q + 3*u - 213 + 734. Suppose q + 166 = 3*n. Suppose 0 = 65*y - 58*y - 77. What is the highest common divisor of n and y?
11
Suppose -341*y = -2904774 - 619802. What is the greatest common divisor of 684 and y?
76
Suppose 11*h - 5 = 6*h - 2*j, 4*h - 2*j - 22 = 0. Let u be (-3)/(3*4/(-48)). What is the greatest common factor of u and h?
3
Let i = -108 - -570. What is the greatest common divisor of i and 48?
6
Let a(d) = 3*d**2 + 40*d - 28. Let q be a(-14). Let r(n) = 5*n + 19. Let l be r(q). Let w be (-1)/(1*(-3)/399). What is the highest common divisor of w and l?
19
Let t be 14*((-2)/7)/(-1). Calculate the greatest common divisor of 14 and t.
2
Let r(d) = 16*d**2 - 4*d + 1. Let m be r(1). Let x be ((-1)/((-6)/32))/(m/39). Let c(o) = 48*o. Let g be c(1). What is the highest common divisor of x and g?
16
Suppose 0 = 16*m + 26*m + 24*m - 990. Calculate the highest common divisor of m and 2265.
15
Let r = 170 + 85. Let i = 264 - r. Calculate the highest common factor of 3 and i.
3
Suppose -3*x = -5*x + 4. Suppose -98 = -498*r + 484*r. What is the highest common factor of r and x?
1
Let n = 2978 - 2946. Calculate the highest common factor of n and 1296.
16
Let m be (100/(-250))/(1/(-30)). Let u(t) = 9*t**2 - 3*t - 6. Let r be 1*(-12)/(8 - 4). Let s be u(r). Calculate the highest common divisor of s and m.
12
Let y(d) = 2 + d**3 - 1 - 7*d + d**2 + 5 + 5*d**2. Let v be y(-7). Suppose 0 = -b + 2*b - c - v, -5*b - c = 0. What is the highest common factor of b and 5?
1
Let u = -3237 - -3370. Calculate the greatest common factor of 7581 and u.
133
Let f(u) = u**3 - 4*u**2 - 108*u - 56. Let h be f(13). What is the greatest common factor of 45811 and h?
61
Suppose 10*z = -5*q + 11055, 2*q = -4*z + z + 3316. Calculate the highest common divisor of z and 7.
7
Let o be (-7042)/(-252) - 4/(-72). Calculate the highest common divisor of 8 and o.
4
Let f(a) = -104*a - 754. Let k be f(-12). Calculate the greatest common factor of 3406 and k.
26
Suppose -7*g + 73 = -2*g + 4*r, 0 = 5*g - 5*r - 55. Calculate the highest common factor of g and 39.
13
Let s be (1239/(-168))/((-2)/16). Let b = s + -48. Calculate the greatest common divisor of 5 and b.
1
Let w = 1701 + -1302. Let k = 45 + 12. What is the highest common divisor of w and k?
57
Suppose w + 22 = 2*v - 2*w, 4*v = 5*w + 40. Suppose 4*r = v*s + 730, 4*r + s = -0*s + 718. Calculate the greatest common divisor of r and 36.
36
Suppose 7*l = 31*l + 240. Let u(f) be the first derivative of 